hat is e9 (base 16) in base 8?
351
What is -21 (base 4) in base 14?
-9
-5 (base 6) to base 5
-10
What is 6 (base 15) in base 14?
6
6 (base 11) to base 3
20
What is -24 (base 8) in base 2?
-10100
What is -101001 (base 2) in base 7?
-56
What is b2 (base 13) in base 16?
91
Convert 8 (base 16) to base 8.
10
-1 (base 13) to base 9
-1
Convert -101 (base 8) to base 11.
-5a
5a (base 13) to base 8
113
Convert -10022 (base 3) to base 15.
-5e
-12 (base 3) to base 16
-5
5 (base 9) to base 4
11
What is 12112 (base 3) in base 9?
175
Convert 11 (base 3) to base 2.
100
What is 124 (base 7) in base 15?
47
-2 (base 13) to base 8
-2
What is -10 (base 2) in base 7?
-2
3330 (base 4) to base 14
140
Convert 20 (base 10) to base 9.
22
Convert 121 (base 3) to base 14.
12
2 (base 14) to base 9
2
Convert 18 (base 9) to base 10.
17
What is -11 (base 15) in base 13?
-13
21 (base 4) to base 13
9
What is -5 (base 7) in base 12?
-5
What is 2 (base 5) in base 3?
2
3 (base 13) to base 16
3
-11 (base 12) to base 14
-d
What is -4 (base 14) in base 3?
-11
Convert -313 (base 6) to base 14.
-85
Convert a (base 13) to base 8.
12
-a (base 12) to base 8
-12
What is 1 (base 3) in base 4?
1
Convert -43 (base 6) to base 5.
-102
-302 (base 7) to base 10
-149
What is 3 (base 12) in base 16?
3
67 (base 12) to base 11
72
1 (base 3) to base 14
1
-46 (base 13) to base 11
-53
2 (base 16) to base 4
2
100000 (base 2) to base 5
112
What is 7 (base 13) in base 6?
11
101 (base 2) to base 13
5
Convert 9 (base 13) to base 10.
9
-2 (base 7) to base 2
-10
Convert 2 (base 3) to base 10.
2
Convert 23 (base 14) to base 8.
37
What is c (base 16) in base 9?
13
What is -7 (base 8) in base 2?
-111
Convert -2 (base 8) to base 12.
-2
What is -2001 (base 3) in base 5?
-210
Convert 122 (base 4) to base 8.
32
Convert -63 (base 12) to base 15.
-50
-7e (base 15) to base 14
-87
19 (base 15) to base 2
11000
Convert 0 (base 7) to base 15.
0
What is 11 (base 2) in base 3?
10
-48 (base 10) to base 8
-60
Convert -30 (base 4) to base 10.
-12
110 (base 2) to base 11
6
-1413 (base 5) to base 15
-108
What is -5 (base 12) in base 14?
-5
-234 (base 6) to base 4
-1132
What is 1 (base 2) in base 14?
1
What is 11010 (base 3) in base 4?
1233
What is -221 (base 7) in base 5?
-423
Convert 5 (base 9) to base 6.
5
What is 10 (base 3) in base 11?
3
What is 10000 (base 2) in base 5?
31
b (base 12) to base 15
b
7 (base 9) to base 10
7
Convert 12 (base 6) to base 13.
8
What is -90 (base 15) in base 9?
-160
Convert -43 (base 5) to base 11.
-21
What is -4b (base 14) in base 16?
-43
What is -3 (base 15) in base 9?
-3
110111 (base 2) to base 14
3d
Convert -33 (base 8) to base 13.
-21
3 (base 8) to base 5
3
-1 (base 10) to base 11
-1
What is 8 (base 15) in base 9?
8
What is 45 (base 7) in base 6?
53
Convert -75 (base 8) to base 6.
-141
What is -141 (base 16) in base 5?
-2241
4 (base 8) to base 11
4
29 (base 10) to base 8
35
What is 3 (base 14) in base 2?
11
What is -1 (base 13) in base 5?
-1
-21 (base 6) to base 10
-13
-164 (base 7) to base 6
-235
What is 15 (base 14) in base 7?
25
Convert -4 (base 15) to base 4.
-10
Convert 21 (base 16) to base 4.
201
Convert -2 (base 6) to base 4.
-2
14 (base 15) to base 10
19
What is 123 (base 5) in base 2?
100110
-5 (base 8) to base 5
-10
Convert 123 (base 4) to base 8.
33
Convert -8a (base 12) to base 5.
-411
36 (base 8) to base 6
50
220 (base 7) to base 9
134
Convert -102 (base 4) to base 6.
-30
What is -29 (base 13) in base 8?
-43
What is 100 (base 2) in base 15?
4
60 (base 13) to base 10
78
-68 (base 13) to base 10
-86
Convert -2 (base 13) to base 14.
-2
What is -2 (base 11) in base 4?
-2
What is 0 (base 14) in base 6?
0
Convert -13 (base 10) to base 15.
-d
What is -4a (base 14) in base 10?
-66
Convert 0 (base 15) to base 4.
0
What is 6 (base 15) in base 12?
6
What is 0 (base 6) in base 2?
0
7 (base 14) to base 13
7
What is 1 (base 15) in base 12?
1
What is -1141 (base 6) in base 11?
-232
1 (base 12) to base 6
1
What is 206 (base 10) in base 2?
11001110
Convert -133 (base 6) to base 3.
-2010
4 (base 13) to base 9
4
-2c (base 13) to base 12
-32
Convert -1 (base 5) to base 7.
-1
What is 8 (base 14) in base 2?
1000
21 (base 3) to base 14
7
What is 0 (base 5) in base 13?
0
20 (base 9) to base 2
10010
a (base 11) to base 5
20
28 (base 14) to base 4
210
-b (base 16) to base 6
-15
46 (base 11) to base 16
32
1e (base 16) to base 12
26
Convert -254 (base 6) to base 12.
-8a
What is 31 (base 6) in base 5?
34
What is -11100 (base 2) in base 8?
-34
Convert -67 (base 16) to base 6.
-251
What is 10 (base 3) in base 9?
3
-160 (base 8) to base 11
-a2
Convert 3 (base 11) to base 5.
3
Convert 41 (base 11) to base 12.
39
-140 (base 9) to base 16
-75
What is 0 (base 2) in base 13?
0
Convert -8 (base 10) to base 6.
-12
-4 (base 6) to base 3
-11
265 (base 9) to base 13
140
What is 111 (base 3) in base 2?
1101
What is -110 (base 2) in base 10?
-6
Convert -102122 (base 3) to base 14.
-186
Convert 25 (base 6) to base 9.
18
-1315 (base 6) to base 7
-656
Convert 60 (base 7) to base 11.
39
-3d (base 14) to base 11
-50
Convert -13 (base 12) to base 11.
-14
-1 (base 5) to base 6
-1
What is -12112 (base 3) in base 16?
-95
Convert a (base 12) to base 5.
20
1 (base 7) to base 8
1
Convert 6 (base 8) to base 16.
6
Convert -1001001 (base 2) to base 11.
-67
-19 (base 12) to base 4
-111
What is 3 (base 5) in base 4?
3
-27 (base 10) to base 15
-1c
d (base 16) to base 5
23
103 (base 5) to base 4
130
What is -2 (base 12) in base 4?
-2
-2 (base 8) to base 3
-2
Convert 13 (base 6) to base 7.
12
-305 (base 6) to base 10
-113
What is -b (base 12) in base 6?
-15
266 (base 7) to base 3
12102
-11122 (base 3) to base 10
-125
-13 (base 16) to base 4
-103
4 (base 15) to base 10
4
15 (base 10) to base 8
17
Convert 21 (base 4) to base 7.
12
113 (base 8) to base 10
75
1 (base 10) to base 16
1
Convert -3 (base 12) to base 6.
-3
What is 1 (base 3) in base 12?
1
-100111 (base 2) to base 6
-103
Convert 6 (base 15) to base 4.
12
What is 1b (base 14) in base 4?
121
1 (base 2) to base 6
1
What is 2d (base 14) in base 6?
105
What is -10 (base 3) in base 9?
-3
a (base 13) to base 10
10
1 (base 2) to base 8
1
5 (base 16) to base 11
5
29 (base 10) to base 14
21
Convert 3 (base 12) to base 14.
3
What is -58 (base 13) in base 11?
-67
What is 3 (base 11) in base 5?
3
-16 (base 10) to base 9
-17
What is 1 (base 4) in base 13?
1
26 (base 10) to base 12
22
-3 (base 4) to base 2
-11
Convert -93 (base 10) to base 3.
-10110
41 (base 8) to base 11
30
What is 305 (base 6) in base 7?
221
-23 (base 8) to base 6
-31
What is -12 (base 5) in base 11?
-7
What is -3d (base 14) in base 11?
-50
30 (base 15) to base 14
33
5 (base 16) to base 6
5
What is 86 (base 16) in base 4?
2012
Convert -7c (base 14) to base 9.
-132
What is -1 (base 9) in base 15?
-1
What is 76 (base 14) in base 3?
10212
Convert 2 (base 4) to base 14.
2
What is 4 (base 6) in base 5?
4
What is 4 (base 11) in base 16?
4
13 (base 10) to base 2
1101
What is -30 (base 4) in base 11?
-11
-67 (base 11) to base 6
-201
Convert 0 (base 9) to base 6.
0
What is 1 (base 9) in base 7?
1
12a (base 13) to base 10
205
Convert -23 (base 5) to base 9.
-14
What is 1 (base 4) in base 3?
1
Convert 60 (base 10) to base 6.
140
-135 (base 13) to base 10
-213
What is 0 (base 15) in base 6?
0
Convert -2010 (base 3) to base 11.
-52
1222 (base 3) to base 2
110101
What is 11 (base 4) in base 9?
5
-12 (base 4) to base 5
-11
-14 (base 8) to base 16
-c
Convert 32 (base 7) to base 15.
18
Convert -2 (base 13) to base 7.
-2
Convert -85 (base 10) to base 15.
-5a
-65 (base 10) to base 9
-72
Convert 11 (base 4) to base 5.
10
Convert -121 (base 8) to base 6.
-213
What is -4 (base 13) in base 7?
-4
What is -309 (base 10) in base 3?
-102110
What is 398 (base 10) in base 14?
206
Convert 9 (base 16) to base 11.
9
121 (base 4) to base 7
34
What is -8 (base 12) in base 14?
-8
-1 (base 16) to base 2
-1
76 (base 8) to base 14
46
What is -21 (base 11) in base 10?
-23
Convert 284 (base 12) to base 4.
12010
69 (base 14) to base 4
1131
-2 (base 8) to base 15
-2
What is 33 (base 4) in base 2?
1111
Convert -3 (base 6) to base 2.
-11
What is 23 (base 7) in base 3?
122
51 (base 14) to base 11
65
2012 (base 3) to base 12
4b
Convert -13 (base 9) to base 11.
-11
What is a1